{"id":22,"date":"2023-06-15T23:15:15","date_gmt":"2023-06-16T03:15:15","guid":{"rendered":"https:\/\/dianeduludepsychologue.ca\/?page_id=22"},"modified":"2023-06-15T23:32:40","modified_gmt":"2023-06-16T03:32:40","slug":"dre-diane-dulude-ph-d-psychologue","status":"publish","type":"page","link":"https:\/\/dianeduludepsychologue.ca\/","title":{"rendered":"Dre Diane Dulude, Ph.D., psychologue"},"content":{"rendered":"\n<div class=\"wp-block-media-text alignwide is-stacked-on-mobile is-vertically-aligned-top\" style=\"grid-template-columns:28% auto\"><figure class=\"wp-block-media-text__media\"><img decoding=\"async\" src=\"https:\/\/www.pomponradar.com\/wp-content\/uploads\/2022\/04\/DD-photo-JPsy.jpg\" alt=\"\" class=\"wp-image-141 size-full\"\/><\/figure><div class=\"wp-block-media-text__content\">\n<p>Bonjour, je suis Dre Diane Dulude (Ph.D.) psychologue sp\u00e9cialis\u00e9e dans la famille, les relations, les enfants, le d\u00e9veloppement des jeunes, le TDAH, le concept de soi et la r\u00e9silience. Je collabore activement depuis plus de vingt ans maintenant avec des coll\u00e8gues m\u00e9decins, neuropsychologues, \u00e9ducateurs sp\u00e9cialis\u00e9s et enseignants dans la prise en charge de jeunes atteints de TDAH et d&rsquo;autres difficult\u00e9s psychologiques, relationnelles et affectives. Je travaille comme clinicienne et comme chercheure ind\u00e9pendante et je suis la conceptrice de l\u2019approche clinique et scientifique, TDAH, force \u00e0 r\u00e9\u00e9quilibrer, une approche clinique solidement ancr\u00e9e dans la recherche scientifique. Cette approche s&rsquo;est av\u00e9r\u00e9e tr\u00e8s efficace pour aider non seulement les jeunes touch\u00e9s par le TDAH \u00e0 tirer parti de leur profil de personnalit\u00e9, mais \u00e9galement les jeunes affichant un profil anxieux, opposant ou encore une douance. Je crois fermement que pour b\u00e2tir une soci\u00e9t\u00e9 o\u00f9 chaque individu puisse mettre de l\u2019avant son plein potentiel autonome, heureux et efficace, nous devons soutenir le d\u00e9veloppement d&rsquo;un concept de soi positif chez chaque enfant, que son profil soit typique ou atypique. J\u2019ai \u00e9crit plusieurs livres et articles sur l\u2019approche du TDAH, force \u00e0 r\u00e9\u00e9quilibrer et sur l\u2019importance de sortir du prisme de pathologie face aux profils de personnalit\u00e9 ou d\u2019apprentissage atypiques. Je donne r\u00e9guli\u00e8rement des conf\u00e9rences et formations aux professionnels de l\u2019\u00e9ducation et de la sant\u00e9 ainsi qu\u2019au grand public et je d\u00e9veloppe des outils th\u00e9rapeutiques ludiques sur ces sujets et autres th\u00e8mes li\u00e9s au d\u00e9veloppement, \u00e0 la sant\u00e9 et \u00e0 la r\u00e9silience. Je pense aussi que les adultes ont la responsabilit\u00e9 d&rsquo;\u00e9tablir le contexte soci\u00e9tal qui favorisera chez les enfants une curiosit\u00e9 positive pour les diff\u00e9rents profils de personnalit\u00e9 et d&rsquo;apprentissage. C&rsquo;est en ce sens que j\u2019ai d\u00e9velopp\u00e9 le projet Pompon Radar.<\/p>\n<\/div><\/div>\n\n\n\n<h3 class=\"alignfull has-text-align-center\"><a href=\"https:\/\/www.pomponradar.com\/\">Dre Diane Dulude et Pompon Radar: Qui sommes nous?<\/a><\/h3>\n\n\n\n<h6 class=\"alignfull has-text-align-right\"><a href=\"https:\/\/www.pomponradar.com\/wp-admin\">Administration<\/a><\/h6>\n\n\n\n<p><\/p>\n","protected":false},"excerpt":{"rendered":"<p>Bonjour, je suis Dre Diane Dulude (Ph.D.) psychologue sp\u00e9cialis\u00e9e dans la famille, les relations, les enfants, le d\u00e9veloppement des jeunes, le TDAH, le concept de soi et la r\u00e9silience. Je collabore activement depuis plus de vingt ans maintenant avec des coll\u00e8gues m\u00e9decins, neuropsychologues, \u00e9ducateurs sp\u00e9cialis\u00e9s et enseignants dans la prise en charge de jeunes atteints [&hellip;]<\/p>\n","protected":false},"author":1,"featured_media":0,"parent":0,"menu_order":0,"comment_status":"closed","ping_status":"closed","template":"","meta":[],"_links":{"self":[{"href":"https:\/\/dianeduludepsychologue.ca\/index.php\/wp-json\/wp\/v2\/pages\/22"}],"collection":[{"href":"https:\/\/dianeduludepsychologue.ca\/index.php\/wp-json\/wp\/v2\/pages"}],"about":[{"href":"https:\/\/dianeduludepsychologue.ca\/index.php\/wp-json\/wp\/v2\/types\/page"}],"author":[{"embeddable":true,"href":"https:\/\/dianeduludepsychologue.ca\/index.php\/wp-json\/wp\/v2\/users\/1"}],"replies":[{"embeddable":true,"href":"https:\/\/dianeduludepsychologue.ca\/index.php\/wp-json\/wp\/v2\/comments?post=22"}],"version-history":[{"count":4,"href":"https:\/\/dianeduludepsychologue.ca\/index.php\/wp-json\/wp\/v2\/pages\/22\/revisions"}],"predecessor-version":[{"id":32,"href":"https:\/\/dianeduludepsychologue.ca\/index.php\/wp-json\/wp\/v2\/pages\/22\/revisions\/32"}],"wp:attachment":[{"href":"https:\/\/dianeduludepsychologue.ca\/index.php\/wp-json\/wp\/v2\/media?parent=22"}],"curies":[{"name":"wp","href":"https:\/\/api.w.org\/{rel}","templated":true}]}}